-6)?
7
Let c be 46/2*-30*-1. Let h = c - 417. Suppose 5*b - h + 38 = 0. What is the units digit of b?
7
Let k(a) = -25*a**3 - 5*a**2 + 4*a + 22. Let l be k(-3). Let c = 1090 - l. What is the units digit of c?
0
Let l(v) = -v**3 - 30*v**2 - 135*v + 178. What is the hundreds digit of l(-34)?
3
Let j(w) = -w**2 - 7*w + 33. Let s be j(-10). Suppose -58 = -3*q + 3*z + z, -s*z = -2*q + 37. What is the tens digit of q?
2
Suppose p - 39841 = -2*p - 4*s, 4*p - 3*s - 53113 = 0. What is the hundreds digit of p?
2
Let f be 1/2*(555 + -13). Suppose -f = -3*o + 833. What is the hundreds digit of o?
3
Let c(f) = 2*f**3 - 5*f**2 + 2*f + 5. Let b be c(2). Let k be (((-20)/b)/(-8))/((-2)/(-20)). Suppose 0 = k*d - 122 - 13. What is the tens digit of d?
2
Let b = 93001 + -62844. What is the thousands digit of b?
0
Suppose -2*n - 9 = -4*z + 5, z + n + 1 = 0. Suppose 145*l = 55*l. Suppose z*g + 2*t = -t + 223, -5*g - 2*t + 574 = l. What is the units digit of g?
6
Suppose 700*t = 669*t + 216752. What is the units digit of t?
2
Suppose -u = -4*l - 10 + 229, 0 = 4*l - 4. Let n = -17 - u. What is the units digit of n?
8
What is the units digit of (35602 - (45/(-5) - 1)) + 4?
6
Let d = -159 - -104. What is the hundreds digit of ((-3802)/(-22) - 1) + (-10)/d?
1
Suppose -43*n + 45*n = 0. Let v be 42*(2 + n + -3). What is the units digit of ((-2)/4)/(3/v) + 1?
8
Let d be 4/(-6)*(-15 - (-5 + 5)). Suppose d + 108 = c. What is the tens digit of c?
1
Suppose -6*l = -5*o - l + 10, 0 = -2*l - 10. Let a be (2/(-5))/((-4)/900*o). Let k = 37 + a. What is the units digit of k?
7
Suppose 3*m - 31715 + 509 = 0. What is the units digit of m?
2
Let z = -46662 - -70385. What is the thousands digit of z?
3
Suppose 7*r = 78 + 251. Suppose 0 = -0*n - 7*n + 476. Let z = n - r. What is the tens digit of z?
2
Let i be 4/(1 + 1)*-13. Let b(l) = l**2 + 9*l - 91. What is the hundreds digit of b(i)?
3
Let b = -190 + 195. Suppose -4*r - 3*p = -947, 4*p + 912 = b*r - r. What is the units digit of r?
3
Suppose 0 = p + 9 - 17. Suppose 0 = -p*x + x - 42. What is the units digit of ((-64)/(-12))/((-4)/x) + -2?
6
Let d(w) = -w**2 - 5. Let l be d(-5). Let z be (l/9 + 4)*(5 + -2). What is the units digit of ((-1)/z - -1)*24?
2
Suppose -r + 946 = r - 3*y, 0 = -5*r - y + 2365. Suppose 8073 = 19*u + r. Suppose 7*p - u = 699. What is the units digit of p?
7
Suppose -4*j = 145 - 209. Suppose -20*r + 848 = -j*r. What is the tens digit of r?
1
What is the units digit of 42/1*(-16359)/(-798)?
1
Suppose -6852 = 13*v - 14*v + 5*u, -3*v - 5*u = -20536. What is the tens digit of v?
4
Let j = 100008 - 69015. What is the tens digit of j?
9
Let f = 7737 - 5308. What is the hundreds digit of f?
4
Let d(s) = -s**2 + 88*s - 474. What is the units digit of d(81)?
3
Let c be (-2)/(-32)*8*16. Let v(u) be the third derivative of u**5/20 - 5*u**4/12 - 7*u**3/3 - 3*u**2. What is the tens digit of v(c)?
9
Let j(s) = 12701*s**2 + 180*s + 365. What is the thousands digit of j(-2)?
0
Let w = -17520 - -43132. What is the hundreds digit of w?
6
Let o = 19604 + -5469. What is the thousands digit of o?
4
Suppose -10*v = -8*v, 5*v = -2*g + 592. Suppose 429 + 11 = 3*l - 4*i, 2*l - 4*i = g. What is the tens digit of l?
4
Let c(t) = 9467*t + 145. What is the tens digit of c(2)?
7
Let i(v) = v**3 + v - 2. Let o be i(0). Let n(t) = 75*t**2 - 70*t - 3. Let f be n(1). What is the units digit of (o - 1)/(f/(-72))?
8
Suppose -12*b + 11*b = 0. Suppose 4*r = 2*l - 40, b = -4*l - 3*r + 65 - 18. Suppose s - 5*c = l, c - 3 = 2. What is the units digit of s?
9
Let c = -60 - -65. Let a be 7 + 2 - (-1 + c). Suppose -a*t + 739 = 54. What is the units digit of t?
7
Suppose 0 = -3*z - 12, -2*v + 4*z + 31 = -13. Suppose v*d = 613 - 81. What is the units digit of d?
8
Let i(r) = r**2 + 18*r + 81. Let f be i(-8). What is the tens digit of (6 - (-3648)/3) + f?
2
Let r be 1/(-6) + ((-6163)/(-6) - 3). Suppose -1592 = -4*t + r. What is the units digit of t?
4
Let g = 470 + -462. Let r(y) = 10*y**2 - 2*y + 33. What is the hundreds digit of r(g)?
6
Suppose 2008686 = 321*x - 270*x. What is the ten thousands digit of x?
3
Let k(d) = d**3 - 5*d**2 - 27*d - 14. Let v be k(11). Suppose 5*t - 330 - v = -5*n, 0 = 4*t - 2*n - 620. What is the hundreds digit of t?
1
Let y(m) = -m**3 + 69*m**2 + 69*m + 771. What is the units digit of y(59)?
2
Suppose 1752*g - 1759*g + 237931 = -294678. What is the units digit of g?
7
Let o = 93 - -58. Let p = o - 37. Let s = 163 - p. What is the tens digit of s?
4
Let w = 9818 - -16875. What is the tens digit of w?
9
Let d be (-20)/(-14) - 6/14. Let q = -39 + d. Let u = 134 + q. What is the tens digit of u?
9
Let q(a) be the second derivative of -1/6*a**3 - 1/10*a**5 + 24*a - 1/6*a**4 + 0 + 121/2*a**2. What is the tens digit of q(0)?
2
Suppose -3*k - 4*f - 35 = -6, k + 5*f = -17. Let a(z) = -z**3 + 2*z**2 - 5*z + 4. Let l be a(5). Let x = k - l. What is the units digit of x?
9
What is the hundreds digit of (-12 + (-80520)/45)/(2/(-9))?
1
Suppose -5*g + 126 = f, g + 4*g + 2*f - 122 = 0. Let w = g + -21. Suppose -c = -w*l - 35, -2*c - 5*l = -103 + 3. What is the units digit of c?
5
Let j = 331 + -325. What is the units digit of (-9 - -112) + j/3?
5
Let h(b) = 27*b + 111. Let n be h(-4). Suppose 0 = l + 2*l - m - 692, n*l - 2*m - 691 = 0. What is the tens digit of l?
3
Let t be (-30)/40 - (-44)/16. What is the hundreds digit of ((2 - t) + (-310)/15)*-6?
1
Let v be 2 + ((-42)/(-14))/(3/(-2)). Let r be v + (-1 - (-2 - 2)). Suppose t = k - 115, -3*t + 9 + r = 0. What is the hundreds digit of k?
1
Let j = -50 - -9. Let k = -38 - j. Suppose 0 = 2*a - k*r - 347, a = -3*a + r + 709. What is the units digit of a?
8
Let m(k) = -596*k**3 - 182 + 2*k**2 + 0*k**2 + 180. What is the units digit of m(-1)?
6
Let a(p) = -17*p - 5 + 3 + 4*p**2 + p**2. Suppose 14*o + 222 = 51*o. What is the tens digit of a(o)?
7
Let v = 199 + -189. Suppose 309 + 141 = v*i. What is the units digit of i?
5
Suppose -20 = 5*w - 15*w. Suppose 689 + 35 = w*x. What is the tens digit of x?
6
Let d be 4/(-14) - 851/(-161). Suppose -d*s + 11*s - 66 = 0. What is the hundreds digit of (-278)/(-2) - (15 - s)?
1
Suppose 1792 - 262 = -17*d. What is the hundreds digit of (-21)/(((-3)/d)/((-20)/36))?
3
Let p(l) = -1094*l - 123. What is the hundreds digit of p(-7)?
5
Let p(y) = -41*y**3 + y**2 - y. Let d be p(1). Let u = d + 43. What is the units digit of u + -4 - (-4 + -68)?
0
Let o be -3*(-3 - (-573 - 2)). Let d = o - -2839. What is the hundreds digit of d?
1
Let q(r) = 2*r**2 - 22*r + 20. Let n be q(7). What is the tens digit of 8/n*-2327 + 8/(-72)?
1
What is the units digit of (3 + 0)*1336832/672 - -7*1?
5
Let f(d) = d**2 - 5*d + 18. Let r be f(5). Suppose u - 3420 = -r*u. What is the units digit of u?
0
Let p = 228 - 352. Let u = 124 + p. Suppose -2*t + 0*t - 2*g + 326 = u, -2*t + 316 = -3*g. What is the hundreds digit of t?
1
Suppose -2*a + 5 = 4*i + 13, -32 = 3*a - 4*i. What is the thousands digit of (2 + a)*1/(1/(-175))?
1
Suppose -14*b = 4*b - 54. Suppose -b*r - 3*w + 6*w + 999 = 0, -3*r + 995 = -w. What is the hundreds digit of r?
3
What is the thousands digit of ((-71)/426)/(2/(-35361))*4?
1
Suppose 12*b - 48014 = -15020 + 47694. What is the units digit of b?
4
Suppose 29*g = 21 + 66. Suppose -2*v + l + 1408 = -520, v - 978 = -g*l. What is the hundreds digit of v?
9
Let n = 7244 + 6348. What is the tens digit of n?
9
Suppose 25 = -5*r, 35*r - 32*r - 6213 = -2*d. What is the tens digit of d?
1
Suppose -98085 = -86*h + 40203. What is the units digit of h?
8
Suppose 69*i - 21*i - 274345 - 143975 = 0. What is the tens digit of i?
1
What is the units digit of (-171)/18*-460 + -9?
1
Let s(p) = 5*p**3 - 3*p**2 + p - 2. Let a be s(2). Suppose -5*v = 2*v + a. What is the tens digit of v*37/(-6) - (-1)/3?
2
Suppose 0 = -2*w - 5*a - 3 + 15, 4*w - 5*a - 24 = 0. Suppose -8*t + w*t = f - 23, -20 = -5*t + 5*f. Suppose -6*k + t*k - 396 = 0. What is the tens digit of k?
3
Let p = -625 + 829. Let d = p - -887. What is the tens digit of d?
9
What is the thousands digit of -95*4966/260*(0/1 + -2)?
3
Suppose -81*v + 78*v - 6 = 0. What is the hundreds digit of 229*(-8 - -10)*(-1)/v?
2
Let l(i) = 691*i**2 + 78*i - 472. What is the tens digit of l(6)?
7
Suppose 487*z - 7839967 + 2209273 = 0. What is the un